prime factors of x?
5
Suppose 5*p = 4*i + 55737, -42*p + 43*p - 11174 = -3*i. List the prime factors of p.
19, 587
Let n(y) = -2*y**3 - 99*y**2 - 267*y + 112. What are the prime factors of n(-47)?
2, 101
Let b be 201/69 + 24/276. Suppose b*h = -12, 16*y - h - 258 = 14*y. What are the prime factors of y?
127
Let v(q) = q**3 + 42*q**2 - 53*q - 428. List the prime factors of v(-42).
2, 29, 31
Let j = 182828 + -126004. What are the prime factors of j?
2, 7103
Suppose -44*l + 127264 = -156096. What are the prime factors of l?
2, 5, 7, 23
Suppose -935 + 510 = -k. What are the prime factors of k?
5, 17
Suppose o - 28*l = -29*l + 53564, 5*o - 267802 = l. What are the prime factors of o?
19, 2819
Let j be (-2)/4 + 5 + 14/4. Suppose 2*m - j*m + 528 = 0. List the prime factors of m.
2, 11
Suppose 2*k + 28*m - 23*m = 16604, 33364 = 4*k - 16*m. What are the prime factors of k?
8317
Let k = 2253 + -1233. Let b = k - 527. Suppose -2*z + 4*y + b - 129 = 0, -2*z = y - 359. What are the prime factors of z?
2, 3, 5
Let s(z) = -11*z - 5. Let t be s(5). Let k = t + 83. Suppose 26*j = k*j + 714. List the prime factors of j.
2, 7, 17
Suppose -143*f + 2087 = -142*f - 4*c, -3*c = 3. What are the prime factors of f?
2083
Let p = 41471 - 29044. List the prime factors of p.
17, 43
Suppose -7*n - 111 = 15. Let v be ((-3)/n + (-6)/4)*-3. Suppose 5*q = v*w - 247, 3*q + 121 = 6*w - 4*w. List the prime factors of w.
2, 17
Let o be (-12)/4 + 5/(10/114). Suppose l - w = -4*w + o, 5*w = 4*l - 148. List the prime factors of (-12)/l + 436/7.
2, 31
What are the prime factors of 24/(-27) + 1 - 155069/(-9)?
2, 5, 1723
Suppose 2*t + w = 8147, 8172 = 2*t - 62*w + 58*w. What are the prime factors of t?
2, 1019
Let v = -274 - -269. List the prime factors of v - ((-507)/2)/((-6)/(-8)).
3, 37
Let h be 3 - 2 - 176/4. Let z = h - -41. What are the prime factors of (10 - -8)*(z - -3)?
2, 3
Suppose 2*l - 3*n - 101519 = 0, -166*l + 5*n = -169*l + 152326. What are the prime factors of l?
50767
Let i(t) = 53*t - 44. Let p be i(-5). What are the prime factors of p*((-96)/18)/4?
2, 103
Suppose 4*k + 2*j = 2046, -6*j + 3*j = k - 519. Suppose -2*g + 4*h = -h - k, 0 = 3*h + 12. List the prime factors of g.
5, 7
Suppose t - 20941 = 5*n + 5083, -n + 6 = 0. List the prime factors of t.
2, 7, 1861
Let t = 502 + 244. Let c = 474 - t. Let u = c - -403. List the prime factors of u.
131
Suppose -3*s = -3*j + 85137, -562 + 563 = s. What are the prime factors of j?
2, 3, 5, 11, 43
Let w = 4454 - -3567. List the prime factors of w.
13, 617
Suppose 5942 = u + 5*m, 4*m = -62*u + 59*u + 17892. List the prime factors of u.
2, 1493
Let t be 13*74*(9/2 - 4). Let l = t - 250. What are the prime factors of l?
3, 7, 11
Suppose -k + 2265 = -g - 161, -9698 = -4*k + 3*g. List the prime factors of k.
2, 5, 11
Let j be 10/(-35) + (-6)/(-21). Let z = 21 + j. What are the prime factors of z?
3, 7
Let p(f) = -f**2 + 5*f + 17. Let a be p(7). Suppose t + 12 = a*t. Suppose -t*z + 105 = z. What are the prime factors of z?
3, 5
Suppose 4*h - 6*h + 66 = 0. Suppose -30*q = -h*q + 126. Let m = q - -19. What are the prime factors of m?
61
Let p = 4387 - 974. List the prime factors of p.
3413
Suppose n - 15 - 24 = -5*u, 0 = -3*n + 4*u + 22. Let l(k) = 2*k - 11. Let z be l(n). Let f = z - -208. What are the prime factors of f?
3, 5
Suppose 192*j - 50004 = 174*j. What are the prime factors of j?
2, 3, 463
Let c = -1366 + 772. Let x be -9*(3/(-4))/((-27)/1128). Let m = x - c. List the prime factors of m.
2, 3, 13
Let k = -54500 + 93985. List the prime factors of k.
5, 53, 149
Let w(q) = q - 9. Let b be w(8). Suppose -123 + 43 = -a. Let p = a + b. What are the prime factors of p?
79
Let l be (-4)/6 + -2 + (-200)/15. List the prime factors of ((-4)/l)/(4/(-79392)*-6).
827
Let p(t) = 0*t - 2*t + 7*t + 126 + 4*t + 238. What are the prime factors of p(-13)?
13, 19
Let t = 1844 - -616. Suppose 4*p - 3244 = 2*k - 1278, -t = -5*p + 3*k. What are the prime factors of p?
3, 163
Let f(b) = -b - b - 6 - 2*b + 33. Let d be f(11). Let r = -2 - d. List the prime factors of r.
3, 5
Let n = -1997 - -4315. List the prime factors of n.
2, 19, 61
Suppose -126 = -0*y - 6*y. Suppose -16*r = -379 - y. What are the prime factors of r?
5
Let s = -973 - -1443. Suppose -s*l + 5004 = -461*l. What are the prime factors of l?
2, 139
Let r = -10903 + 27411. What are the prime factors of r?
2, 4127
What are the prime factors of (-30105)/(-5) - 24/16*20/6?
2, 47
Let p(v) = -148*v**2 - 26*v + 19. Let r be p(7). What are the prime factors of (-9)/27 - r/15?
2, 13, 19
What are the prime factors of ((130/(-260))/((-2)/4))/((-2)/(-6174))?
3, 7
Let f = 8 - 318. Let h = f + 654. List the prime factors of h.
2, 43
Let b(j) = -6*j - 26. Suppose z - 5 = 2*z. Let k be b(z). What are the prime factors of k/3 - (-806)/39?
2, 11
Let g(t) = 30*t**2 + 4*t + 5. Suppose -l + 24 = -5*l. Let u be 48/(-22) + l/(-33). What are the prime factors of g(u)?
3, 13
Suppose 5*h = 2*r + 53215, 3*r = -6*h + 3*h + 31950. What are the prime factors of h?
5, 2129
Suppose 0 = -38*z + 39*z - 4. Let i be (-34)/4 + 1/(z + -2). List the prime factors of (i/6)/(9/(405/(-10))).
2, 3
Let r = -13511 + 49654. What are the prime factors of r?
47, 769
Suppose 881050 = 60*y - 222770. List the prime factors of y.
18397
Suppose 18*j - 224 = -62. Suppose 0 = -0*u - j*u + 7299. What are the prime factors of u?
811
Let v(j) = -j**2 - 6*j + 27. Let z(k) = k**2 + 7*k - 26. Suppose 7*n = 11*n + 24. Let d(b) = n*z(b) - 7*v(b). What are the prime factors of d(10)?
67
Let d be 0/((5/(-10))/(2/(-4))). Suppose 7*l + 204 - 876 = d. List the prime factors of l.
2, 3
Suppose 1 = s + 9. Suppose 2*p = m + 9, 4*p + 1 - 4 = -3*m. What are the prime factors of 0/s + (p - -1) + 222?
2, 113
Suppose 37 = -3*z - 47. What are the prime factors of 1213/9 + z/(-126)?
3, 5
Suppose 5*v + 45870 = 5*m, 18*v - 10 = 20*v. List the prime factors of m.
53, 173
What are the prime factors of (-10574)/(-4) - (-2 - 5/(-2) - -3)?
2, 3, 5, 11
Let o(m) = 23*m - 21. Let l(j) = -23*j + 22. Let u(x) = 6*l(x) + 7*o(x). Let i be u(5). Let a = i - 55. What are the prime factors of a?
3, 5
Let x be 2/((-16)/1986) - (-177)/(-236). Let j = x + 1124. List the prime factors of j.
5, 7
Let d be (60/(-14))/((-2)/14). Suppose -2*i = -5*h + 3*i - 60, -8 = -2*i. What are the prime factors of 1646/d + h/(-60)?
5, 11
List the prime factors of (-138)/(18/(-20)*182/41496).
2, 5, 19, 23
Let a(x) be the first derivative of -3*x**2 + 25*x + 1. Let w(g) = 3*g**3 - 64*g**2 + 22*g - 29. Let q be w(21). List the prime factors of a(q).
73
Suppose -1121196 - 977741 = -56*f + 335775. List the prime factors of f.
7, 6211
Suppose 0 = 10*d - 294 + 44. Let t be (-2)/7 - 262/14. Let x = t + d. List the prime factors of x.
2, 3
Let r = -14 - -16. Suppose 3 = t, -s + r*s + 2 = 5*t. Let k(j) = j**3 - 11*j**2 - 19*j + 25. List the prime factors of k(s).
2, 29
Suppose -3*a + 8*a = -2*f + 58165, 3*a - 34880 = -5*f. What are the prime factors of a?
5, 13, 179
Let l(r) be the third derivative of 1/12*r**4 + 0*r**3 + 7/15*r**6 + 0*r - 13*r**2 + 0 - 1/30*r**5. List the prime factors of l(1).
2, 7
Let a(u) = u**3 + 41*u**2 + 66*u + 328. List the prime factors of a(-36).
2, 277
Let n(v) = v**3 - v**2 - 81*v + 614. What are the prime factors of n(12)?
2, 613
Let m = 17 + -19. Let s(g) = 45*g**2 - 6*g - 18. List the prime factors of s(m).
2, 3, 29
Suppose -2106482 - 854981 = -191*h - 117855. What are the prime factors of h?
2, 1861
Suppose -c = s - 16, 5*s = 5*c + 8*s - 78. What are the prime factors of (0/1 - c/25)*-1075?
3, 5, 43
Suppose -3099*p + 19110 = -3073*p. What are the prime factors of p?
3, 5, 7
Let i(a) = -8*a + 74. Let w be i(10). Let b(n) = -7*n**3 - 32*n**2 - 2*n - 8. What are the prime factors of b(w)?
2, 7, 13
What are the prime factors of ((-23)/(-230)*20)/(6/206283)?
7, 11, 19, 47
Suppose 0 = -5*t - 14*b + 165433, -50503 = -2*t - 3*b + 15678. List the prime factors of t.
5, 6619
What are the prime factors of -26722*(195/(-13))/15?
2, 31, 431
Let h be -3*2/(-6) - (-6 + 4). Suppose -y - h*f + 2 = -2*f, 10 = y + 3*f. List the prime factors of (-2 - 2 - y)/(2/(-92)).
2, 23
Let w be (-8)/(307016/102344 - 3). Suppose -13096 = 38*y - w. What are the prime factors of y?
2, 3, 167
Suppose -5*m +